{"id":17,"date":"2026-04-03T22:52:37","date_gmt":"2026-04-03T20:52:37","guid":{"rendered":"https:\/\/me-cfs.se\/info\/?page_id=17"},"modified":"2026-04-03T23:12:42","modified_gmt":"2026-04-03T21:12:42","slug":"kliniker-och-laboratorier","status":"publish","type":"page","link":"https:\/\/me-cfs.se\/info\/myalgisk-encefalomyelit\/kliniker-och-laboratorier\/","title":{"rendered":"Kliniker och laboratorier"},"content":{"rendered":"<br \/>\n<h1><a id=\"me-kliniker\" name=\"me-kliniker\"><\/a>ME-kliniker<\/h1>\n<h2>Sverige<\/h2>\n<ul>\n<li><span style=\"text-decoration: line-through;\">Gottfriesmottagningen (Gottfries Clinic), M\u00f6lndal, G\u00f6teborg.<\/span> \u00c4r nedlagd efter politikers beslut. Avtalet med VGR gick ut 1 december 2016.<\/li>\n<li><span style=\"text-decoration: line-through;\">ME\/CFS-mottagning p\u00e5 Stora Sk\u00f6ndals neurologiska rehabiliteringsklinik, s\u00f6der om Stockholm.<\/span> St\u00e4ngde den 31 maj 2021.<\/li>\n<li>Sm\u00e4rt- och rehab centrum, Universitetssjukhuset Link\u00f6ping <a href=\"https:\/\/www.regionostergotland.se\/Om-regionen\/Verksamheter\/halso--och-sjukvard\/SinnesC\/Smart--och-rehabiliteringscentrum\/\" target=\"_blank\" rel=\"alternate noopener noreferrer\">(l\u00e4nk)<\/a>.<\/li>\n<li><span style=\"text-decoration: line-through;\">Brag\u00e9e Rehab ME\/CFS Center i Stockholm <a href=\"https:\/\/www.bragee.se\/\" target=\"_blank\" rel=\"alternate noopener noreferrer\">(l\u00e4nk)<\/a>.<\/span> St\u00e4nger \u00e5rsskiftet 2023\/2024.<\/li>\n<li><span class=\"color_11\">\u200bAmeliekliniken<\/span>, V\u00e4llingby, Stockholm. L\u00e4kare Jonas Axelsson <a href=\"https:\/\/www.ameliekliniken.se\/\" target=\"_blank\" rel=\"noopener noreferrer\">(l\u00e4nk)<\/a>. Privat klinik.<\/li>\n<li>Reumatolog Carmen Pichot, Reumatologmottagningen, Citysjukhuset +7, Lilla Badhusgatan 2 och 4, 411 21 G\u00f6teborg, tel: 031-777 77 77 (v\u00e4xel) <a href=\"https:\/\/www.citysjukhuset.se\/\" target=\"_blank\" rel=\"noopener noreferrer\">(l\u00e4nk)<\/a>.<\/li>\n<li>ME-mottagning V\u00e4sterbotten, Norrlands Universitetssjukhus, Ume\u00e5 <a href=\"https:\/\/www.1177.se\/hitta-vard\/kontaktkort\/ME-mottagning-Vasterbotten\/\" target=\"_blank\" rel=\"noopener noreferrer\">(l\u00e4nk)<\/a>.<\/li>\n<\/ul>\n","protected":false},"excerpt":{"rendered":"<p>ME-kliniker Sverige Gottfriesmottagningen (Gottfries Clinic), M\u00f6lndal, G\u00f6teborg. \u00c4r nedlagd efter politikers beslut. Avtalet med VGR gick ut 1 december 2016. ME\/CFS-mottagning p\u00e5 Stora Sk\u00f6ndals neurologiska rehabiliteringsklinik, s\u00f6der om Stockholm. St\u00e4ngde den 31 maj 2021. Sm\u00e4rt- och rehab centrum, Universitetssjukhuset Link\u00f6ping (l\u00e4nk). Brag\u00e9e Rehab ME\/CFS Center i Stockholm (l\u00e4nk). St\u00e4nger \u00e5rsskiftet 2023\/2024. \u200bAmeliekliniken, V\u00e4llingby, Stockholm. L\u00e4kare [&hellip;]<\/p>\n","protected":false},"author":1,"featured_media":0,"parent":7,"menu_order":4,"comment_status":"closed","ping_status":"closed","template":"","meta":{"footnotes":""},"class_list":["post-17","page","type-page","status-publish","hentry"],"yoast_head":"<!-- This site is optimized with the Yoast SEO plugin v27.4 - https:\/\/yoast.com\/product\/yoast-seo-wordpress\/ -->\n<title>Kliniker och laboratorier - ME information<\/title>\n<meta name=\"robots\" content=\"index, follow, max-snippet:-1, max-image-preview:large, max-video-preview:-1\" \/>\n<link rel=\"canonical\" href=\"https:\/\/me-cfs.se\/info\/myalgisk-encefalomyelit\/kliniker-och-laboratorier\/\" \/>\n<meta property=\"og:locale\" content=\"sv_SE\" \/>\n<meta property=\"og:type\" content=\"article\" \/>\n<meta property=\"og:title\" content=\"Kliniker och laboratorier - ME information\" \/>\n<meta property=\"og:description\" content=\"ME-kliniker Sverige Gottfriesmottagningen (Gottfries Clinic), M\u00f6lndal, G\u00f6teborg. \u00c4r nedlagd efter politikers beslut. Avtalet med VGR gick ut 1 december 2016. ME\/CFS-mottagning p\u00e5 Stora Sk\u00f6ndals neurologiska rehabiliteringsklinik, s\u00f6der om Stockholm. St\u00e4ngde den 31 maj 2021. Sm\u00e4rt- och rehab centrum, Universitetssjukhuset Link\u00f6ping (l\u00e4nk). Brag\u00e9e Rehab ME\/CFS Center i Stockholm (l\u00e4nk). St\u00e4nger \u00e5rsskiftet 2023\/2024. \u200bAmeliekliniken, V\u00e4llingby, Stockholm. L\u00e4kare [&hellip;]\" \/>\n<meta property=\"og:url\" content=\"https:\/\/me-cfs.se\/info\/myalgisk-encefalomyelit\/kliniker-och-laboratorier\/\" \/>\n<meta property=\"og:site_name\" content=\"ME information\" \/>\n<meta property=\"article:modified_time\" content=\"2026-04-03T21:12:42+00:00\" \/>\n<meta name=\"twitter:card\" content=\"summary_large_image\" \/>\n<script type=\"application\/ld+json\" class=\"yoast-schema-graph\">{\"@context\":\"https:\\\/\\\/schema.org\",\"@graph\":[{\"@type\":\"WebPage\",\"@id\":\"https:\\\/\\\/me-cfs.se\\\/info\\\/myalgisk-encefalomyelit\\\/kliniker-och-laboratorier\\\/\",\"url\":\"https:\\\/\\\/me-cfs.se\\\/info\\\/myalgisk-encefalomyelit\\\/kliniker-och-laboratorier\\\/\",\"name\":\"Kliniker och laboratorier - ME information\",\"isPartOf\":{\"@id\":\"https:\\\/\\\/me-cfs.se\\\/info\\\/#website\"},\"datePublished\":\"2026-04-03T20:52:37+00:00\",\"dateModified\":\"2026-04-03T21:12:42+00:00\",\"breadcrumb\":{\"@id\":\"https:\\\/\\\/me-cfs.se\\\/info\\\/myalgisk-encefalomyelit\\\/kliniker-och-laboratorier\\\/#breadcrumb\"},\"inLanguage\":\"sv-SE\",\"potentialAction\":[{\"@type\":\"ReadAction\",\"target\":[\"https:\\\/\\\/me-cfs.se\\\/info\\\/myalgisk-encefalomyelit\\\/kliniker-och-laboratorier\\\/\"]}]},{\"@type\":\"BreadcrumbList\",\"@id\":\"https:\\\/\\\/me-cfs.se\\\/info\\\/myalgisk-encefalomyelit\\\/kliniker-och-laboratorier\\\/#breadcrumb\",\"itemListElement\":[{\"@type\":\"ListItem\",\"position\":1,\"name\":\"Hem\",\"item\":\"https:\\\/\\\/me-cfs.se\\\/info\\\/\"},{\"@type\":\"ListItem\",\"position\":2,\"name\":\"Myalgisk Encefalomyelit\",\"item\":\"https:\\\/\\\/me-cfs.se\\\/info\\\/\"},{\"@type\":\"ListItem\",\"position\":3,\"name\":\"Kliniker och laboratorier\"}]},{\"@type\":\"WebSite\",\"@id\":\"https:\\\/\\\/me-cfs.se\\\/info\\\/#website\",\"url\":\"https:\\\/\\\/me-cfs.se\\\/info\\\/\",\"name\":\"ME information\",\"description\":\"\",\"publisher\":{\"@id\":\"https:\\\/\\\/me-cfs.se\\\/info\\\/#organization\"},\"alternateName\":\"Information om den neuroimmuna sjukdomen myalgisk encefalomyelit\",\"potentialAction\":[{\"@type\":\"SearchAction\",\"target\":{\"@type\":\"EntryPoint\",\"urlTemplate\":\"https:\\\/\\\/me-cfs.se\\\/info\\\/?s={search_term_string}\"},\"query-input\":{\"@type\":\"PropertyValueSpecification\",\"valueRequired\":true,\"valueName\":\"search_term_string\"}}],\"inLanguage\":\"sv-SE\"},{\"@type\":\"Organization\",\"@id\":\"https:\\\/\\\/me-cfs.se\\\/info\\\/#organization\",\"name\":\"ME information\",\"alternateName\":\"Information om den neuroimmuna sjukdomen myalgisk encefalomyelit\",\"url\":\"https:\\\/\\\/me-cfs.se\\\/info\\\/\",\"logo\":{\"@type\":\"ImageObject\",\"inLanguage\":\"sv-SE\",\"@id\":\"https:\\\/\\\/me-cfs.se\\\/info\\\/#\\\/schema\\\/logo\\\/image\\\/\",\"url\":\"https:\\\/\\\/me-cfs.se\\\/info\\\/wp-content\\\/uploads\\\/2026\\\/04\\\/favicon-mecfsse-v3-512x512-1.png\",\"contentUrl\":\"https:\\\/\\\/me-cfs.se\\\/info\\\/wp-content\\\/uploads\\\/2026\\\/04\\\/favicon-mecfsse-v3-512x512-1.png\",\"width\":512,\"height\":512,\"caption\":\"ME information\"},\"image\":{\"@id\":\"https:\\\/\\\/me-cfs.se\\\/info\\\/#\\\/schema\\\/logo\\\/image\\\/\"}}]}<\/script>\n<!-- \/ Yoast SEO plugin. -->","yoast_head_json":{"title":"Kliniker och laboratorier - ME information","robots":{"index":"index","follow":"follow","max-snippet":"max-snippet:-1","max-image-preview":"max-image-preview:large","max-video-preview":"max-video-preview:-1"},"canonical":"https:\/\/me-cfs.se\/info\/myalgisk-encefalomyelit\/kliniker-och-laboratorier\/","og_locale":"sv_SE","og_type":"article","og_title":"Kliniker och laboratorier - ME information","og_description":"ME-kliniker Sverige Gottfriesmottagningen (Gottfries Clinic), M\u00f6lndal, G\u00f6teborg. \u00c4r nedlagd efter politikers beslut. Avtalet med VGR gick ut 1 december 2016. ME\/CFS-mottagning p\u00e5 Stora Sk\u00f6ndals neurologiska rehabiliteringsklinik, s\u00f6der om Stockholm. St\u00e4ngde den 31 maj 2021. Sm\u00e4rt- och rehab centrum, Universitetssjukhuset Link\u00f6ping (l\u00e4nk). Brag\u00e9e Rehab ME\/CFS Center i Stockholm (l\u00e4nk). St\u00e4nger \u00e5rsskiftet 2023\/2024. \u200bAmeliekliniken, V\u00e4llingby, Stockholm. L\u00e4kare [&hellip;]","og_url":"https:\/\/me-cfs.se\/info\/myalgisk-encefalomyelit\/kliniker-och-laboratorier\/","og_site_name":"ME information","article_modified_time":"2026-04-03T21:12:42+00:00","twitter_card":"summary_large_image","schema":{"@context":"https:\/\/schema.org","@graph":[{"@type":"WebPage","@id":"https:\/\/me-cfs.se\/info\/myalgisk-encefalomyelit\/kliniker-och-laboratorier\/","url":"https:\/\/me-cfs.se\/info\/myalgisk-encefalomyelit\/kliniker-och-laboratorier\/","name":"Kliniker och laboratorier - ME information","isPartOf":{"@id":"https:\/\/me-cfs.se\/info\/#website"},"datePublished":"2026-04-03T20:52:37+00:00","dateModified":"2026-04-03T21:12:42+00:00","breadcrumb":{"@id":"https:\/\/me-cfs.se\/info\/myalgisk-encefalomyelit\/kliniker-och-laboratorier\/#breadcrumb"},"inLanguage":"sv-SE","potentialAction":[{"@type":"ReadAction","target":["https:\/\/me-cfs.se\/info\/myalgisk-encefalomyelit\/kliniker-och-laboratorier\/"]}]},{"@type":"BreadcrumbList","@id":"https:\/\/me-cfs.se\/info\/myalgisk-encefalomyelit\/kliniker-och-laboratorier\/#breadcrumb","itemListElement":[{"@type":"ListItem","position":1,"name":"Hem","item":"https:\/\/me-cfs.se\/info\/"},{"@type":"ListItem","position":2,"name":"Myalgisk Encefalomyelit","item":"https:\/\/me-cfs.se\/info\/"},{"@type":"ListItem","position":3,"name":"Kliniker och laboratorier"}]},{"@type":"WebSite","@id":"https:\/\/me-cfs.se\/info\/#website","url":"https:\/\/me-cfs.se\/info\/","name":"ME information","description":"","publisher":{"@id":"https:\/\/me-cfs.se\/info\/#organization"},"alternateName":"Information om den neuroimmuna sjukdomen myalgisk encefalomyelit","potentialAction":[{"@type":"SearchAction","target":{"@type":"EntryPoint","urlTemplate":"https:\/\/me-cfs.se\/info\/?s={search_term_string}"},"query-input":{"@type":"PropertyValueSpecification","valueRequired":true,"valueName":"search_term_string"}}],"inLanguage":"sv-SE"},{"@type":"Organization","@id":"https:\/\/me-cfs.se\/info\/#organization","name":"ME information","alternateName":"Information om den neuroimmuna sjukdomen myalgisk encefalomyelit","url":"https:\/\/me-cfs.se\/info\/","logo":{"@type":"ImageObject","inLanguage":"sv-SE","@id":"https:\/\/me-cfs.se\/info\/#\/schema\/logo\/image\/","url":"https:\/\/me-cfs.se\/info\/wp-content\/uploads\/2026\/04\/favicon-mecfsse-v3-512x512-1.png","contentUrl":"https:\/\/me-cfs.se\/info\/wp-content\/uploads\/2026\/04\/favicon-mecfsse-v3-512x512-1.png","width":512,"height":512,"caption":"ME information"},"image":{"@id":"https:\/\/me-cfs.se\/info\/#\/schema\/logo\/image\/"}}]}},"_links":{"self":[{"href":"https:\/\/me-cfs.se\/info\/wp-json\/wp\/v2\/pages\/17","targetHints":{"allow":["GET"]}}],"collection":[{"href":"https:\/\/me-cfs.se\/info\/wp-json\/wp\/v2\/pages"}],"about":[{"href":"https:\/\/me-cfs.se\/info\/wp-json\/wp\/v2\/types\/page"}],"author":[{"embeddable":true,"href":"https:\/\/me-cfs.se\/info\/wp-json\/wp\/v2\/users\/1"}],"replies":[{"embeddable":true,"href":"https:\/\/me-cfs.se\/info\/wp-json\/wp\/v2\/comments?post=17"}],"version-history":[{"count":1,"href":"https:\/\/me-cfs.se\/info\/wp-json\/wp\/v2\/pages\/17\/revisions"}],"predecessor-version":[{"id":18,"href":"https:\/\/me-cfs.se\/info\/wp-json\/wp\/v2\/pages\/17\/revisions\/18"}],"up":[{"embeddable":true,"href":"https:\/\/me-cfs.se\/info\/wp-json\/wp\/v2\/pages\/7"}],"wp:attachment":[{"href":"https:\/\/me-cfs.se\/info\/wp-json\/wp\/v2\/media?parent=17"}],"curies":[{"name":"wp","href":"https:\/\/api.w.org\/{rel}","templated":true}]}}