{"id":77,"date":"2026-04-05T21:37:35","date_gmt":"2026-04-05T19:37:35","guid":{"rendered":"https:\/\/me-cfs.se\/info\/?page_id=77"},"modified":"2026-04-05T21:55:16","modified_gmt":"2026-04-05T19:55:16","slug":"uttalanden-av-personer-med-me","status":"publish","type":"page","link":"https:\/\/me-cfs.se\/info\/patienters-berattelser\/uttalanden-av-personer-med-me\/","title":{"rendered":"Uttalanden av personer med ME"},"content":{"rendered":"\n<p>S\u00e5 h\u00e4r skriver en kille som drabbades av ME vid 16 \u00e5rs \u00e5lder. Han har under m\u00e5nga \u00e5r varit sv\u00e5rt drabbad och totalt s\u00e4ngbunden. Nu \u00e4r han 28 \u00e5r (2012):<br>\u2013 Med r\u00e4tt r\u00e5dgivning vad g\u00e4ller hanterandet av tillst\u00e5ndet, s\u00e5 kan man mycket v\u00e4l slippa sluta som mig, med ett immunf\u00f6rsvar som \u00e4r helt nedbrutet, tillsynes bortom all \u00e5terh\u00e4mtning. MYCKET viktigt att inte s\u00e4tta ig\u00e5ng och tr\u00e4na s\u00e5 fort man k\u00e4nner sig b\u00e4ttre, som jag gjorde, utan lev normalt, ta promenader och njut av livet. Jag satte ig\u00e5ng och lyfte vikter och tr\u00e4nade bort p\u00e5samlat fett d\u00e5 jag hade blivit fet under alla \u00e5ren. Visst fick jag tillslut en fin kropp igen men sedan gick det \u00e5t helvete. Nu kan jag ej vila mig b\u00e4ttre som tidigare.<\/p>\n\n\n\n<p>S\u00e5 h\u00e4r skriver en kvinna som \u00e4r 42 \u00e5r (2012) och som har ME sedan 16 \u00e5r tillbaka. Hon har varit s\u00e4mre under fyra \u00e5r, med sv\u00e5r sensorisk \u00f6verk\u00e4nslighet och s\u00e4ngbunden:<br>\u2013 Jag vet av egen erfarenhet att bakterier s\u00e4nker en rej\u00e4lt.&nbsp;Jag har helt ovetandes g\u00e5tt och dragit p\u00e5 en&nbsp;bakterie i livmodern i m\u00e5nga \u00e5r. Den&nbsp;uppt\u00e4cktes av en slump n\u00e4r jag s\u00f6kte f\u00f6r en annan grej. Jag fick en dubbelkur penicillin. Dag 3 p\u00e5 penicillinet s\u00e5 t\u00e5lde jag ljus igen (inte helt och h\u00e5llet, men jag har inte solglas\u00f6gon inne och jag kan anv\u00e4nda datorn)&nbsp;efter 4 \u00e5r!<\/p>\n\n\n\n<p>En 39-\u00e5rig (\u00e5r 2014) kvinna med sv\u00e5r ME skriver s\u00e5 h\u00e4r:<br>\u2013 Jag \u00e4r sp\u00f6ket. Finns men \u00e4nd\u00e5 inte. I en v\u00e4rld av skuggor, dit ljus ibland n\u00e5r in men mycket kortvarigt. En illusion? En d\u00e5res envishet f\u00f6r mig fram\u00e5t; jag glider, sv\u00e4var och ser p\u00e5 dimmigt avst\u00e5nd det som finns bakom sl\u00f6jorna och som min sj\u00e4l skriker efter att f\u00e5 vara en del av. I en pl\u00f6tslig explosion av ljusa k\u00e4rleksfulla och alldeles underbara sinnesf\u00f6rnimmelser kan jag pl\u00f6tsligt delta i den ljusa, verkliga v\u00e4rlden. En minut eller tv\u00e5. Bara en kort inblick i en v\u00e4rld som f\u00f6r l\u00e4nge sedan varit gl\u00f6md. Den finns allts\u00e5 fortfarande? Hur ljuvlig \u00e4r den inte? Den vanliga fantastiska verkligheten. \u00c4r det v\u00e4rt att f\u00e5 \u00e5terse en ljusglimt av det livet en kort sekund f\u00f6r att sedan \u00e5terf\u00f6ras till skuggriket? \u00c4r det en framkomlig v\u00e4g f\u00f6r sp\u00f6ket att fortfarande vilja ha insikt om denna v\u00e4rlds existens n\u00e4r avst\u00e5ndet \u00e4r o\u00e4ndligt och ger en hunger som inte kan stillas? \u00c4r det d\u00e5 inte b\u00e4ttre att inget veta? Att acceptera sitt skuggrike, finnas d\u00e4r i lugn och ro. L\u00e5ta gl\u00f6mskans sl\u00f6ja \u00e5ter sk\u00f6lja \u00f6ver sinnet och leva i f\u00f6rvissningen om att det \u00e4r den enda v\u00e4rld kroppen har r\u00e5d att befinna sig i och d\u00e4rigenom skona sin sj\u00e4l. Att inte v\u00e4cka hungern.<\/p>\n","protected":false},"excerpt":{"rendered":"<p>S\u00e5 h\u00e4r skriver en kille som drabbades av ME vid 16 \u00e5rs \u00e5lder. Han har under m\u00e5nga \u00e5r varit sv\u00e5rt drabbad och totalt s\u00e4ngbunden. Nu \u00e4r han 28 \u00e5r (2012):\u2013 Med r\u00e4tt r\u00e5dgivning vad g\u00e4ller hanterandet av tillst\u00e5ndet, s\u00e5 kan man mycket v\u00e4l slippa sluta som mig, med ett immunf\u00f6rsvar som \u00e4r helt nedbrutet, tillsynes [&hellip;]<\/p>\n","protected":false},"author":1,"featured_media":0,"parent":42,"menu_order":2,"comment_status":"closed","ping_status":"closed","template":"","meta":{"footnotes":""},"class_list":["post-77","page","type-page","status-publish","hentry"],"yoast_head":"<!-- This site is optimized with the Yoast SEO plugin v27.3 - https:\/\/yoast.com\/product\/yoast-seo-wordpress\/ -->\n<title>Uttalanden av personer med ME - ME information<\/title>\n<meta name=\"robots\" content=\"index, follow, max-snippet:-1, max-image-preview:large, max-video-preview:-1\" \/>\n<link rel=\"canonical\" href=\"https:\/\/me-cfs.se\/info\/patienters-berattelser\/uttalanden-av-personer-med-me\/\" \/>\n<meta property=\"og:locale\" content=\"sv_SE\" \/>\n<meta property=\"og:type\" content=\"article\" \/>\n<meta property=\"og:title\" content=\"Uttalanden av personer med ME - ME information\" \/>\n<meta property=\"og:description\" content=\"S\u00e5 h\u00e4r skriver en kille som drabbades av ME vid 16 \u00e5rs \u00e5lder. Han har under m\u00e5nga \u00e5r varit sv\u00e5rt drabbad och totalt s\u00e4ngbunden. Nu \u00e4r han 28 \u00e5r (2012):\u2013 Med r\u00e4tt r\u00e5dgivning vad g\u00e4ller hanterandet av tillst\u00e5ndet, s\u00e5 kan man mycket v\u00e4l slippa sluta som mig, med ett immunf\u00f6rsvar som \u00e4r helt nedbrutet, tillsynes [&hellip;]\" \/>\n<meta property=\"og:url\" content=\"https:\/\/me-cfs.se\/info\/patienters-berattelser\/uttalanden-av-personer-med-me\/\" \/>\n<meta property=\"og:site_name\" content=\"ME information\" \/>\n<meta property=\"article:modified_time\" content=\"2026-04-05T19:55:16+00:00\" \/>\n<meta name=\"twitter:card\" content=\"summary_large_image\" \/>\n<meta name=\"twitter:label1\" content=\"Ber\u00e4knad l\u00e4stid\" \/>\n\t<meta name=\"twitter:data1\" content=\"3 minuter\" \/>\n<script type=\"application\/ld+json\" class=\"yoast-schema-graph\">{\"@context\":\"https:\\\/\\\/schema.org\",\"@graph\":[{\"@type\":\"WebPage\",\"@id\":\"https:\\\/\\\/me-cfs.se\\\/info\\\/patienters-berattelser\\\/uttalanden-av-personer-med-me\\\/\",\"url\":\"https:\\\/\\\/me-cfs.se\\\/info\\\/patienters-berattelser\\\/uttalanden-av-personer-med-me\\\/\",\"name\":\"Uttalanden av personer med ME - ME information\",\"isPartOf\":{\"@id\":\"https:\\\/\\\/me-cfs.se\\\/info\\\/#website\"},\"datePublished\":\"2026-04-05T19:37:35+00:00\",\"dateModified\":\"2026-04-05T19:55:16+00:00\",\"breadcrumb\":{\"@id\":\"https:\\\/\\\/me-cfs.se\\\/info\\\/patienters-berattelser\\\/uttalanden-av-personer-med-me\\\/#breadcrumb\"},\"inLanguage\":\"sv-SE\",\"potentialAction\":[{\"@type\":\"ReadAction\",\"target\":[\"https:\\\/\\\/me-cfs.se\\\/info\\\/patienters-berattelser\\\/uttalanden-av-personer-med-me\\\/\"]}]},{\"@type\":\"BreadcrumbList\",\"@id\":\"https:\\\/\\\/me-cfs.se\\\/info\\\/patienters-berattelser\\\/uttalanden-av-personer-med-me\\\/#breadcrumb\",\"itemListElement\":[{\"@type\":\"ListItem\",\"position\":1,\"name\":\"Hem\",\"item\":\"https:\\\/\\\/me-cfs.se\\\/info\\\/\"},{\"@type\":\"ListItem\",\"position\":2,\"name\":\"Patienters ber\u00e4ttelser\",\"item\":\"https:\\\/\\\/me-cfs.se\\\/info\\\/patienters-berattelser\\\/\"},{\"@type\":\"ListItem\",\"position\":3,\"name\":\"Uttalanden av personer med ME\"}]},{\"@type\":\"WebSite\",\"@id\":\"https:\\\/\\\/me-cfs.se\\\/info\\\/#website\",\"url\":\"https:\\\/\\\/me-cfs.se\\\/info\\\/\",\"name\":\"ME information\",\"description\":\"\",\"publisher\":{\"@id\":\"https:\\\/\\\/me-cfs.se\\\/info\\\/#organization\"},\"alternateName\":\"Information om den neuroimmuna sjukdomen myalgisk encefalomyelit\",\"potentialAction\":[{\"@type\":\"SearchAction\",\"target\":{\"@type\":\"EntryPoint\",\"urlTemplate\":\"https:\\\/\\\/me-cfs.se\\\/info\\\/?s={search_term_string}\"},\"query-input\":{\"@type\":\"PropertyValueSpecification\",\"valueRequired\":true,\"valueName\":\"search_term_string\"}}],\"inLanguage\":\"sv-SE\"},{\"@type\":\"Organization\",\"@id\":\"https:\\\/\\\/me-cfs.se\\\/info\\\/#organization\",\"name\":\"ME information\",\"alternateName\":\"Information om den neuroimmuna sjukdomen myalgisk encefalomyelit\",\"url\":\"https:\\\/\\\/me-cfs.se\\\/info\\\/\",\"logo\":{\"@type\":\"ImageObject\",\"inLanguage\":\"sv-SE\",\"@id\":\"https:\\\/\\\/me-cfs.se\\\/info\\\/#\\\/schema\\\/logo\\\/image\\\/\",\"url\":\"https:\\\/\\\/me-cfs.se\\\/info\\\/wp-content\\\/uploads\\\/2026\\\/04\\\/favicon-mecfsse-v3-512x512-1.png\",\"contentUrl\":\"https:\\\/\\\/me-cfs.se\\\/info\\\/wp-content\\\/uploads\\\/2026\\\/04\\\/favicon-mecfsse-v3-512x512-1.png\",\"width\":512,\"height\":512,\"caption\":\"ME information\"},\"image\":{\"@id\":\"https:\\\/\\\/me-cfs.se\\\/info\\\/#\\\/schema\\\/logo\\\/image\\\/\"}}]}<\/script>\n<!-- \/ Yoast SEO plugin. -->","yoast_head_json":{"title":"Uttalanden av personer med ME - ME information","robots":{"index":"index","follow":"follow","max-snippet":"max-snippet:-1","max-image-preview":"max-image-preview:large","max-video-preview":"max-video-preview:-1"},"canonical":"https:\/\/me-cfs.se\/info\/patienters-berattelser\/uttalanden-av-personer-med-me\/","og_locale":"sv_SE","og_type":"article","og_title":"Uttalanden av personer med ME - ME information","og_description":"S\u00e5 h\u00e4r skriver en kille som drabbades av ME vid 16 \u00e5rs \u00e5lder. Han har under m\u00e5nga \u00e5r varit sv\u00e5rt drabbad och totalt s\u00e4ngbunden. Nu \u00e4r han 28 \u00e5r (2012):\u2013 Med r\u00e4tt r\u00e5dgivning vad g\u00e4ller hanterandet av tillst\u00e5ndet, s\u00e5 kan man mycket v\u00e4l slippa sluta som mig, med ett immunf\u00f6rsvar som \u00e4r helt nedbrutet, tillsynes [&hellip;]","og_url":"https:\/\/me-cfs.se\/info\/patienters-berattelser\/uttalanden-av-personer-med-me\/","og_site_name":"ME information","article_modified_time":"2026-04-05T19:55:16+00:00","twitter_card":"summary_large_image","twitter_misc":{"Ber\u00e4knad l\u00e4stid":"3 minuter"},"schema":{"@context":"https:\/\/schema.org","@graph":[{"@type":"WebPage","@id":"https:\/\/me-cfs.se\/info\/patienters-berattelser\/uttalanden-av-personer-med-me\/","url":"https:\/\/me-cfs.se\/info\/patienters-berattelser\/uttalanden-av-personer-med-me\/","name":"Uttalanden av personer med ME - ME information","isPartOf":{"@id":"https:\/\/me-cfs.se\/info\/#website"},"datePublished":"2026-04-05T19:37:35+00:00","dateModified":"2026-04-05T19:55:16+00:00","breadcrumb":{"@id":"https:\/\/me-cfs.se\/info\/patienters-berattelser\/uttalanden-av-personer-med-me\/#breadcrumb"},"inLanguage":"sv-SE","potentialAction":[{"@type":"ReadAction","target":["https:\/\/me-cfs.se\/info\/patienters-berattelser\/uttalanden-av-personer-med-me\/"]}]},{"@type":"BreadcrumbList","@id":"https:\/\/me-cfs.se\/info\/patienters-berattelser\/uttalanden-av-personer-med-me\/#breadcrumb","itemListElement":[{"@type":"ListItem","position":1,"name":"Hem","item":"https:\/\/me-cfs.se\/info\/"},{"@type":"ListItem","position":2,"name":"Patienters ber\u00e4ttelser","item":"https:\/\/me-cfs.se\/info\/patienters-berattelser\/"},{"@type":"ListItem","position":3,"name":"Uttalanden av personer med ME"}]},{"@type":"WebSite","@id":"https:\/\/me-cfs.se\/info\/#website","url":"https:\/\/me-cfs.se\/info\/","name":"ME information","description":"","publisher":{"@id":"https:\/\/me-cfs.se\/info\/#organization"},"alternateName":"Information om den neuroimmuna sjukdomen myalgisk encefalomyelit","potentialAction":[{"@type":"SearchAction","target":{"@type":"EntryPoint","urlTemplate":"https:\/\/me-cfs.se\/info\/?s={search_term_string}"},"query-input":{"@type":"PropertyValueSpecification","valueRequired":true,"valueName":"search_term_string"}}],"inLanguage":"sv-SE"},{"@type":"Organization","@id":"https:\/\/me-cfs.se\/info\/#organization","name":"ME information","alternateName":"Information om den neuroimmuna sjukdomen myalgisk encefalomyelit","url":"https:\/\/me-cfs.se\/info\/","logo":{"@type":"ImageObject","inLanguage":"sv-SE","@id":"https:\/\/me-cfs.se\/info\/#\/schema\/logo\/image\/","url":"https:\/\/me-cfs.se\/info\/wp-content\/uploads\/2026\/04\/favicon-mecfsse-v3-512x512-1.png","contentUrl":"https:\/\/me-cfs.se\/info\/wp-content\/uploads\/2026\/04\/favicon-mecfsse-v3-512x512-1.png","width":512,"height":512,"caption":"ME information"},"image":{"@id":"https:\/\/me-cfs.se\/info\/#\/schema\/logo\/image\/"}}]}},"_links":{"self":[{"href":"https:\/\/me-cfs.se\/info\/wp-json\/wp\/v2\/pages\/77","targetHints":{"allow":["GET"]}}],"collection":[{"href":"https:\/\/me-cfs.se\/info\/wp-json\/wp\/v2\/pages"}],"about":[{"href":"https:\/\/me-cfs.se\/info\/wp-json\/wp\/v2\/types\/page"}],"author":[{"embeddable":true,"href":"https:\/\/me-cfs.se\/info\/wp-json\/wp\/v2\/users\/1"}],"replies":[{"embeddable":true,"href":"https:\/\/me-cfs.se\/info\/wp-json\/wp\/v2\/comments?post=77"}],"version-history":[{"count":1,"href":"https:\/\/me-cfs.se\/info\/wp-json\/wp\/v2\/pages\/77\/revisions"}],"predecessor-version":[{"id":78,"href":"https:\/\/me-cfs.se\/info\/wp-json\/wp\/v2\/pages\/77\/revisions\/78"}],"up":[{"embeddable":true,"href":"https:\/\/me-cfs.se\/info\/wp-json\/wp\/v2\/pages\/42"}],"wp:attachment":[{"href":"https:\/\/me-cfs.se\/info\/wp-json\/wp\/v2\/media?parent=77"}],"curies":[{"name":"wp","href":"https:\/\/api.w.org\/{rel}","templated":true}]}}